{"id":134,"date":"2022-12-31T17:35:42","date_gmt":"2022-12-31T17:35:42","guid":{"rendered":"https:\/\/bperfect.createweb.ma\/?post_type=product&#038;p=134"},"modified":"2022-12-31T22:26:50","modified_gmt":"2022-12-31T22:26:50","slug":"honey-jar-250-g","status":"publish","type":"product","link":"https:\/\/bperfect.createweb.ma\/index.php\/produit\/honey-jar-250-g\/","title":{"rendered":"Honey Jar 250 g."},"content":{"rendered":"<p>ARavissez vos papilles gustatives avec un doux miel fran\u00e7ais. Chaque pot vous fait vous sentir bien \u00e0 l&rsquo;int\u00e9rieur et \u00e0 l&rsquo;ext\u00e9rieur !<\/p>\n","protected":false},"excerpt":{"rendered":"<p>ARavissez vos papilles gustatives avec un doux miel fran\u00e7ais. Chaque pot vous fait vous sentir bien \u00e0 l&rsquo;int\u00e9rieur et \u00e0 l&rsquo;ext\u00e9rieur !<\/p>\n","protected":false},"featured_media":133,"comment_status":"open","ping_status":"closed","template":"","meta":[],"product_cat":[20],"product_tag":[21],"class_list":["post-134","product","type-product","status-publish","has-post-thumbnail","hentry","product_cat-honey-jar","product_tag-honey-jar"],"_links":{"self":[{"href":"https:\/\/bperfect.createweb.ma\/index.php\/wp-json\/wp\/v2\/product\/134","targetHints":{"allow":["GET"]}}],"collection":[{"href":"https:\/\/bperfect.createweb.ma\/index.php\/wp-json\/wp\/v2\/product"}],"about":[{"href":"https:\/\/bperfect.createweb.ma\/index.php\/wp-json\/wp\/v2\/types\/product"}],"replies":[{"embeddable":true,"href":"https:\/\/bperfect.createweb.ma\/index.php\/wp-json\/wp\/v2\/comments?post=134"}],"wp:featuredmedia":[{"embeddable":true,"href":"https:\/\/bperfect.createweb.ma\/index.php\/wp-json\/wp\/v2\/media\/133"}],"wp:attachment":[{"href":"https:\/\/bperfect.createweb.ma\/index.php\/wp-json\/wp\/v2\/media?parent=134"}],"wp:term":[{"taxonomy":"product_cat","embeddable":true,"href":"https:\/\/bperfect.createweb.ma\/index.php\/wp-json\/wp\/v2\/product_cat?post=134"},{"taxonomy":"product_tag","embeddable":true,"href":"https:\/\/bperfect.createweb.ma\/index.php\/wp-json\/wp\/v2\/product_tag?post=134"}],"curies":[{"name":"wp","href":"https:\/\/api.w.org\/{rel}","templated":true}]}}